(-31 + 8)) - (0 - 26)?
31
Calculate 8 - (17 + -4 + (-1 - 0 - (-88 + 91))).
-1
What is (50 - 29) + (-3 - (10 + -9))?
17
Evaluate -2 + 1 + 49 + 97 + -108.
37
Calculate -42 + 30 + (147 - 154).
-19
What is -10 + 61 - (-14 + 1 + (1 - 1))?
64
What is -48 - (-4 - -9) - -92?
39
What is (1 - 28) + 6 + (123 - 110) - (0 - -43)?
-51
Evaluate 5 + -1 + (14 + -5 - (4 + 1) - -62).
70
What is (-1 - (-7 + 3)) + (7 + -51 - -56)?
15
20 - -1 - (-16 + -18 - (224 + -183))
96
3 + -5 - -8 - (10 - 5) - -11 - -56
68
What is the value of 3 + 27 + (-13 + 15 - -8)?
40
-39 + (-75 - -97) + 3 + 2 + -17
-29
Calculate (6 - 14) + -3 + 51 + -37 + 26.
29
Evaluate 16 + -2 + -3 - (-17 + 40 - -9).
-21
Evaluate (-2 - 5) + (-10 - (-12 + 30 + -17)).
-18
Evaluate (35 - 39) + -11 + (5 + -1 - -1).
-10
Evaluate (-6 - 92 - -51) + 62.
15
-20 + 26 + -7 + 15 + -4
10
22 - ((50 - -3) + -48)
17
Evaluate (-52 - (-21 - 91)) + 7.
67
-5 + 1 + (28 - 31) + 12 + -20
-15
Calculate (77 - 69) + (0 + 5 - 42) + -2.
-31
Evaluate -5 + (8 - ((10 - -45) + -14 + 1)).
-39
What is (-44 + 4 - (214 + -266)) + (-54 - 1)?
-43
-17 + -2 + -28 + -1 + (70 - 62)
-40
(9 + 3 + -3 + -1 - (-6 + 17)) + 50
47
What is -31 - (-49 + 4) - (-5 + 32)?
-13
Evaluate (-81 - 66) + 83 - -68.
4
What is (-13 - (-35 + 7)) + -15 - 15?
-15
What is -28 + (60 - 38 - -5)?
-1
32 + (56 - (-41 - -113))
16
What is the value of (96 - (-62 + 132)) + -3 + -120?
-97
What is the value of -12 - (-134 + 82 + -2 + 1)?
41
(-1 - (4 + -6)) + 2 - (141 + -92)
-46
22 - 9 - 34 - (17 + -29)
-9
What is 10 - 12 - (-1 - 2 - -7 - (-1 - 3))?
-10
What is (39 + (21 - 62) - 7) + (-1 - -16)?
6
What is the value of 0 + -5 - (-12 + 14 + 14 + -18) - -48?
45
What is the value of (-19 - (-36 + 16)) + 29 + 23?
53
Calculate -19 - (-13 + (37 - (25 + -23))).
-41
Calculate 0 - (-4 - (-55 + 45 - (-135 + -4))).
133
What is -85 - (-1 - -53 - 48 - 47)?
-42
What is the value of -1 + 1 + 3 - (-17 + 0) - (259 - 257)?
18
Evaluate 5 - (50 + -4) - -46.
5
What is the value of 12 + (-8 - (9 - 19) - 13 - 5) + -42?
-46
What is -1 - (0 - 11) - (-29 + (11 - -47) - 46)?
27
Calculate -19 + (-33 - (-29 - 11)) + -3 + -16.
-31
Calculate -15 + 6 + -23 + -18 + 20.
-30
Calculate 2 + -2 + 6 + -7 + (22 - 18).
3
Evaluate -6 + -2 - (34 - (140 - 22)) - 9.
67
Calculate (-4 - -10 - (-5 + 16)) + 12 + -12 + -69.
-74
Evaluate -26 + 51 + -20 - 25.
-20
What is the value of -7 + -9 + 7 + 10 - 62?
-61
What is (63 - 80 - (-85 - 11)) + -19?
60
-101 - -1 - (-651 + 648) - (-19 + 4)
-82
What is -9 - (-4 - 5) - (0 - 19) - 48?
-29
(2 + -1 + 4 + -1 - 2) + -71563 + 71657
96
What is the value of -101 + -5 + (-18 - -12 - (12 + -3)) + 9?
-112
Evaluate 63 - (-85 - -74 - -20).
54
Calculate -74 - (75 - 120 - -1).
-30
What is (-1 + 1 - -2) + (0 - -56) - (-6968 + 6970)?
56
Calculate 1 + (10 - (13 - -4) - -3 - -9).
6
Calculate (-3 + 2 - (-24 - -28)) + (14 - 13).
-4
What is the value of (-6 - 77) + (-13 - -37) + -41 + 29?
-71
Calculate -30 + (7 + -5 - ((25 - 55) + 20)).
-18
44 + -5 + (20 + 11 - 24)
46
What is 140 + (0 + -21 - ((7 - 98) + 72))?
138
What is the value of (-16 - (0 - 3)) + 118 + -80?
25
What is 2 + 3 + (-23 - (55 + -62)) + (-76 - 0)?
-87
What is the value of (1 - (10 - -3)) + (27 + (23 - 12) - 66)?
-40
What is 5 + 2 - (17 - -2 - 0) - (-3 + 5)?
-14
What is the value of 79 + -67 - (0 + 6 + 86 + -4)?
-76
What is the value of (-87 - (-146 - -82)) + 92?
69
-3 + 13 + 10 + 2 - (26 - 38)
34
Calculate -10 + -85 + 48 + 3.
-44
What is the value of -9 + 2 + 2 - (2 + (5 - (-7 - 22)))?
-41
8 - 27 - (15 + (9 - 2 - 9))
-32
Calculate (-76 - -31) + -12 + 95.
38
Calculate (0 - 71) + (-8569 - -8677).
37
(1 - -21) + 284 + -300 + -66
-60
What is the value of -27 + 98 + -47 + -40?
-16
1 + 16 + 65 + -92
-10
What is 670 + -676 + (-2 - -44) + 0?
36
5 + (6 - -87 - 13) - 3 - 16
66
What is the value of -3 + 11 + -17 + (-1 - 1 - -37)?
26
What is (21 - 0) + -62 + 50 + 67?
76
What is 1 + -33 + (-4921 - -4890)?
-63
((-20 - (10 + -23)) + -3 - -6) + -8 + 10
-2
What is the value of ((25 - 12) + -5 - 20) + (0 - 9)?
-21
Calculate (-2 - (-10 + 2)) + -31 + -118 + 48.
-95
What is 41 + (0 - 14) + (-5 - (-18 + 22))?
18
Calculate 6 - (-3 + 1) - (-10 - -3) - 11.
4
Calculate -107 - (3 + (-4 - -15) + (-8 - 4) + -13).
-96
What is -20 - (68 + -48 - (-1 + 9))?
-32
-10 + 183 + -17 + -123
33
What is 27 + (22 - -52) + -44?
57
Evaluate (7 + (-3 - -15) - 16) + -23.
-20
(-19 - -16) + (3 - -2) + (107 - 125)
-16
What is (-8 - 107 - -76) + 18?
-21
Evaluate -5 - (-1 + (-1 - 9)) - (3 + 53).
-50
What is the value of 1 + 1 - 38 - (-13 - 62)?
39
Evaluate 121 + 4 - (-14 + 62).
77
Evaluate (-237 - -211) + (29 - 1).
2
What is the value of (15 - (-24 + 76) - -17) + -14 + 1?
-33
What is the value of 1023 + -1051 - (-3 - (-5 + 7 + 1))?
-22
Calculate -133 + -91 + 85 + 213.
74
What is 8 - (13 + 16 + 1 + (332 - 357))?
3
-12 + 19 - (-2 + 15 + 68 - 6)
-68
-3 + 108 + (-46 - -27) - (13 + -7 - 7)
87
Calculate 6 - (-4 + (-24 - -30) + -14 + -13 + 0).
31
1155 + -1114 + 1 + -64
-22
What is 11138 + -10948 + -159 + -2?
29
What is the value of (43 - 44) + 31 - 47?
-17
What is 61 - ((-28 - -23) + 17 - 8)?
57
What is 44 + 5 + 5 + 28 + -68?
14
What is the value of -11 + (0 - (-23 - (-9 + -37)))?
-34
Calculate -13 + 12 + -8 - (-59 - 17) - -7.
74
What is the value of 27 + -12 + -10 - 20 - (1 - -18)?
-34
What is 15 - 6 - (1 + -3) - 15?
-4
What is the value of 18 + -55 + 13 - (-4 + (-1 - -12))?
-31
-81 + 65 + 51 + -1 + (16 - 2)
48
What is 71 - (93 + 73 - 87)?
-8
Calculate -16 - (3 - (-11 - (-15 + -6)) - 35).
26
What is the value of (57 - 173) + 152 - (9 - 0)?
27
-20 + -31 + 32 + -54
-73
Calculate -9 + (-4 + 0 - (-128 + 142)).
-27
What is -16 + (16 - 11) - -154 - (43 - 34)?
134
What is 15 - (22 + 6) - -35?
22
What is -6 + (-4 - -10 - ((43 - 28) + (-2 - -5)))?
-18
Evaluate 6 + (-10 + (13 - -27) - (-5 + 1) - -4).
44
Calculate 31 + 11 + -21 - 41.
-20
Evaluate (0 - -42) + (4 - ((1 - -4) + 3 + 2)).
36
What is -32 - (2 + -8 + (64 - 71) + (21 - -1))?
-41
Evaluate (-33 - ((7 - 3) + 8 - 12)) + -7.
-40
What is (50 - (-9 - -78)) + (-29 - -3)?
-45
Calculate (-32 + 58 - -27) + -88.
-35
446 + -401 - (13 + 54)
-22
Evaluate 44 + (-54 - (32 + -13)).
-29
Evaluate 18 + -1 - (-547 - -575) - (-10 - -1).
-2
(292 - 240) + -15 + 0 + 59
96
102 - (4 - -33 - -22)
43
What is the value of -3 + -2 + 53 + -35 + -15 - -9?
7
Evaluate (-99 + 40 - 25) + 48.
-36
What is 10 + (-1 - -11 - 6) - (142 - 123)?
-5
What is 229 + -107 + -32 + 10 + 23?
123
Evaluate -69 + (-131 - -248) + 49.
97
Calculate (-59 - -45 - -22) + -50.
-42
116 + (-66 - (-9 + -53))
112
(21 - 2) + (-1064 - -1001) - 3
-47
-8 + (-4 + 0 - -10) + 17 - -33
48
What is the value of (1 - (-3 - (-14 + 3 - -6))) + 46 + 2?
47
What is -3325 - -3304 - (-1 - (64 + -2))?
42
Calculate 18 + (39 - 40) + 27 + -2.
42
What is (-26 - -22) + (-10 - -7) - ((33 - -1) + -7)?
-34
What is the value of -397 + 276 + 129 + -2?
6
What is the value of 92 + -54 - (-2 - -33) - (6 - (0 - 1))?
0
What is -57 - -48 - (-2 + 42 - (10 - (8 + -5)))?
-42
Evaluate 3 + (5 - 15) + -17 + 58.
34
What is the value of 35 - (10 - -14 - 38 - -107)?
-58
What is (-4 + 129 - 72) + -124?
-71
What is the value of 1 + 1 + 37 + (-176 - 122 - -296)?
37
Calculate (10 - -48) + -16 + -1 + 11.
52
What is -23 - (5 + (24 + -13 + -16 - 7))?
-16
What is 2 + -163 + 175 + 3 + -26?
-9
Evaluate 35 - (-119 + 22 - -67).
65
Calculate -11 - (-1 - 36 - (564 + -592)).
-2
Evaluate 6 + -16 + (-15 - (-6 + 3) - (77 - 79)).
-20
Calculate 4 - 21 - (15 + 0 + -31 + 14) - -36.
21
Evaluate (39 - (17 - 18) - 15) + -19.
6
-30 + 2 - ((78 - -15) + -68)
-53
Calculate -94 + 187 - 6 - 176.
-89
What is 191 - 66 - 52 - ((3 - 2) + 4)?
68
Evaluate -3 + (5 - 20) + (-32 + 16 - -87).
53
What is (235 - 249) + (2 + -1 + -3 - -64)?
48
Calculate (-2 - 1 - (1 + 2)) + (-1 - (69 + 18)).
-94
What is the value of 2 - 7 - (-13 + 21 - (-4 + (3 - -1)))?
-13
-1 + 7 + (13 - 4 - 3) + -79 + -32
-99
What is the value of (16 - 11 - -35) + 3?
43
Calculate 38 - (-12 + 8 - 9).
51
Evaluate (76 - (-100 - -176)) + 61.
61
Calculate (137 - (19 - -67)) + (2 - 1).
52
Calculate -72 + -55 + 112 - (30 + 32).
-77
What is the value of -4 + -11 + (-6 - (-16 - 11))?
6
-49 + (5 - 1) + (-3 - 3 - (2 + -12))
-41
(27 + 6 + -4 - (-3 - -11)) + -35 + 25
11
Evaluate (5 - (2 - 6)) + (6 + -18 + 15 - -25).
37
What is (-29 - (-21 + 5)) 